 is divided by 683.
679
What is the remainder when 558713 is divided by 15?
8
Calculate the remainder when 416625 is divided by 27734.
615
Calculate the remainder when 34200 is divided by 2615.
205
What is the remainder when 10757191 is divided by 8?
7
What is the remainder when 2925984 is divided by 37?
24
Calculate the remainder when 30059 is divided by 9775.
734
Calculate the remainder when 1650198 is divided by 67.
55
What is the remainder when 245368834 is divided by 232137?
25
What is the remainder when 1535917 is divided by 69808?
141
What is the remainder when 158249 is divided by 9279?
506
What is the remainder when 57391 is divided by 18812?
955
What is the remainder when 1698227 is divided by 137?
112
What is the remainder when 951039 is divided by 475490?
59
Calculate the remainder when 35918103 is divided by 8057.
8054
What is the remainder when 142116 is divided by 588?
408
What is the remainder when 44648 is divided by 13568?
3944
Calculate the remainder when 6612933 is divided by 12.
9
Calculate the remainder when 78679 is divided by 25575.
1954
Calculate the remainder when 3263166 is divided by 6928.
78
Calculate the remainder when 644364 is divided by 13424.
12
What is the remainder when 663260 is divided by 51?
5
What is the remainder when 1491947 is divided by 114764?
15
What is the remainder when 77995891 is divided by 26?
25
What is the remainder when 177292 is divided by 91?
24
Calculate the remainder when 1766169 is divided by 2.
1
Calculate the remainder when 9777214 is divided by 43844.
2
What is the remainder when 6243788 is divided by 1010?
978
Calculate the remainder when 24005598 is divided by 3244.
3242
What is the remainder when 201866 is divided by 889?
63
What is the remainder when 4233731 is divided by 1411235?
26
Calculate the remainder when 2283592 is divided by 28906.
18
What is the remainder when 7497915 is divided by 105603?
102
Calculate the remainder when 864105 is divided by 1577.
1486
Calculate the remainder when 191972985 is divided by 27.
15
Calculate the remainder when 1897054 is divided by 4940.
94
What is the remainder when 63953489 is divided by 263183?
20
What is the remainder when 6955835 is divided by 4588?
427
Calculate the remainder when 49567646 is divided by 688.
686
What is the remainder when 224464 is divided by 1603?
44
What is the remainder when 96815 is divided by 2199?
59
Calculate the remainder when 797586 is divided by 265822.
120
Calculate the remainder when 34009366 is divided by 24.
22
Calculate the remainder when 357747 is divided by 504.
411
Calculate the remainder when 255137 is divided by 2.
1
Calculate the remainder when 254932 is divided by 290.
22
Calculate the remainder when 686127 is divided by 13.
0
Calculate the remainder when 6797396 is divided by 1699348.
4
What is the remainder when 33371424 is divided by 16685707?
10
Calculate the remainder when 2896484 is divided by 579285.
59
Calculate the remainder when 78800684 is divided by 321.
320
Calculate the remainder when 1027972 is divided by 513463.
1046
Calculate the remainder when 2822012 is divided by 1075.
137
Calculate the remainder when 49342 is divided by 474.
46
Calculate the remainder when 189115 is divided by 35.
10
Calculate the remainder when 17087285 is divided by 932.
929
Calculate the remainder when 800014 is divided by 3239.
3220
What is the remainder when 3162958 is divided by 1380?
1378
What is the remainder when 80755 is divided by 6645?
1015
Calculate the remainder when 313557 is divided by 11607.
168
Calculate the remainder when 438547 is divided by 219268.
11
What is the remainder when 24782 is divided by 1457?
13
What is the remainder when 6367797 is divided by 40?
37
Calculate the remainder when 469930 is divided by 6176.
554
What is the remainder when 1380396 is divided by 10?
6
Calculate the remainder when 130943 is divided by 350.
43
Calculate the remainder when 29534733 is divided by 1640.
1613
Calculate the remainder when 682909 is divided by 731.
155
Calculate the remainder when 40759889 is divided by 20379832.
225
What is the remainder when 4964473 is divided by 2957?
2627
Calculate the remainder when 8479483 is divided by 105.
103
What is the remainder when 88607764 is divided by 29535919?
7
What is the remainder when 52672 is divided by 291?
1
Calculate the remainder when 1272449 is divided by 127074.
1709
What is the remainder when 17296696 is divided by 113?
12
Calculate the remainder when 45583 is divided by 14496.
2095
What is the remainder when 1301177 is divided by 216822?
245
What is the remainder when 12598806 is divided by 969122?
220
What is the remainder when 149894 is divided by 49916?
146
What is the remainder when 4049288 is divided by 1212?
1208
What is the remainder when 241840 is divided by 1126?
876
What is the remainder when 2726871 is divided by 1938?
105
Calculate the remainder when 134201 is divided by 44688.
137
What is the remainder when 24650342 is divided by 5937?
5855
What is the remainder when 73873758 is divided by 18468439?
2
What is the remainder when 16235236 is divided by 6745?
21
What is the remainder when 113499 is divided by 11373?
11142
What is the remainder when 101884017 is divided by 47?
2
What is the remainder when 4899736 is divided by 1338?
1318
Calculate the remainder when 3868 is divided by 1663.
542
What is the remainder when 4556370 is divided by 1518664?
378
What is the remainder when 5736720 is divided by 117?
93
Calculate the remainder when 572546 is divided by 825.
821
What is the remainder when 8082224 is divided by 25?
24
What is the remainder when 3485116 is divided by 841?
12
Calculate the remainder when 4252694 is divided by 676.
654
Calculate the remainder when 2641744 is divided by 36188.
20
What is the remainder when 1089408 is divided by 927?
183
What is the remainder when 1025726 is divided by 3128?
2870
What is the remainder when 16326 is divided by 37?
9
What is the remainder when 33124413 is divided by 16562205?
3
Calculate the remainder when 169957 is divided by 42461.
113
Calculate the remainder when 855663171 is divided by 646.
641
Calculate the remainder when 129225 is divided by 4364.
2669
Calculate the remainder when 1562719018 is divided by 9330.
9328
Calculate the remainder when 307612990 is divided by 17.
13
What is the remainder when 65751 is divided by 5114?
4383
Calculate the remainder when 5779364 is divided by 14.
10
What is the remainder when 351873 is divided by 2107?
4
What is the remainder when 82115975 is divided by 80?
55
Calculate the remainder when 110799 is divided by 2918.
2833
What is the remainder when 4025315 is divided by 14274?
47
What is the remainder when 5808177 is divided by 19?
10
What is the remainder when 45923 is divided by 1481?
12
What is the remainder when 4782405 is divided by 728?
173
Calculate the remainder when 15358 is divided by 2396.
982
What is the remainder when 8171105 is divided by 2322?
2309
What is the remainder when 2758734 is divided by 2758725?
9
What is the remainder when 10126269 is divided by 11140?
9
What is the remainder when 2320393 is divided by 105?
103
What is the remainder when 21870 is divided by 20899?
971
Calculate the remainder when 38121442 is divided by 51.
13
Calculate the remainder when 5483072 is divided by 3837.
3836
What is the remainder when 4576732 is divided by 6780?
232
What is the remainder when 48743 is divided by 5045?
3338
What is the remainder when 2738953 is divided by 28?
21
What is the remainder when 23707168 is divided by 18?
16
Calculate the remainder when 904626 is divided by 452303.
20
Calculate the remainder when 16220199 is divided by 731.
40
What is the remainder when 79049 is divided by 6582?
65
What is the remainder when 2125650 is divided by 908?
22
Calculate the remainder when 25760338 is divided by 585462.
10
Calculate the remainder when 9655351 is divided by 3198.
589
What is the remainder when 125984 is divided by 30589?
3628
What is the remainder when 377616 is divided by 2852?
1152
What is the remainder when 1859249326 is divided by 67?
63
Calculate the remainder when 244137 is divided by 26556.
5133
What is the remainder when 122811 is divided by 2954?
1697
What is the remainder when 30996 is divided by 41?
0
Ca